{"id":3377,"date":"2023-06-18T15:13:16","date_gmt":"2023-06-18T14:13:16","guid":{"rendered":"https:\/\/prentkunst.net\/?post_type=product&#038;p=3377"},"modified":"2023-06-18T15:13:16","modified_gmt":"2023-06-18T14:13:16","slug":"weiser-turm-en-gezicht-op-neuwied-en-weisenthurm-in-rijnland-palts","status":"publish","type":"product","link":"https:\/\/prentkunst.net\/index.php\/product\/weiser-turm-en-gezicht-op-neuwied-en-weisenthurm-in-rijnland-palts\/","title":{"rendered":"Wei\u00dfer Turm, en gezicht op Neuwied en Wei\u00dfenthurm, in Rijnland-Palts."},"content":{"rendered":"<p>Wei\u00dfer Turm, en gezicht op Neuwied en Wei\u00dfenthurm, in Rijnland-Palts.<br \/>\nOp de voorgrond rechts het monument voor de Franse generaal Louis Lazare Hoche (1768\u20131797).<br \/>\nNaar een tekening van G. Osterwald, staalgravure door J.M. Kolb.<\/p>\n<p>Lichte beschadigingen bovenrand.<\/p>\n<p>Afmetingen (breedte x hoogte in cm):<br \/>\nBlad: 23,3 x 15<br \/>\nPassepartout: 30 x 26,1<\/p>\n","protected":false},"excerpt":{"rendered":"<p>Wei\u00dfer Turm, en gezicht op Neuwied en Wei\u00dfenthurm, in Rijnland-Palts.<br \/>\nOp de voorgrond rechts het monument voor de Franse generaal Louis Lazare Hoche (1768\u20131797).<br \/>\nNaar een tekening van G. Osterwald, staalgravure door J.M. Kolb.<\/p>\n","protected":false},"featured_media":1757,"template":"","meta":{"neve_meta_sidebar":"","neve_meta_container":"","neve_meta_enable_content_width":"off","neve_meta_content_width":100,"neve_meta_title_alignment":"","neve_meta_author_avatar":"","neve_post_elements_order":"","neve_meta_disable_header":"","neve_meta_disable_footer":"","neve_meta_disable_title":"","_themeisle_gutenberg_block_has_review":false},"product_brand":[],"product_cat":[26,96],"product_tag":[23,95],"class_list":{"0":"post-3377","1":"product","2":"type-product","3":"status-publish","4":"has-post-thumbnail","6":"product_cat-duitsland","7":"product_cat-rheinland-pfalz","8":"product_tag-deutschland","9":"product_tag-rheinland-pfalz","10":"product_shipping_class-nl-pakket-tot-10-kg","12":"first","13":"instock","14":"sold-individually","15":"shipping-taxable","16":"purchasable","17":"product-type-simple"},"jetpack_sharing_enabled":true,"_links":{"self":[{"href":"https:\/\/prentkunst.net\/index.php\/wp-json\/wp\/v2\/product\/3377","targetHints":{"allow":["GET"]}}],"collection":[{"href":"https:\/\/prentkunst.net\/index.php\/wp-json\/wp\/v2\/product"}],"about":[{"href":"https:\/\/prentkunst.net\/index.php\/wp-json\/wp\/v2\/types\/product"}],"wp:featuredmedia":[{"embeddable":true,"href":"https:\/\/prentkunst.net\/index.php\/wp-json\/wp\/v2\/media\/1757"}],"wp:attachment":[{"href":"https:\/\/prentkunst.net\/index.php\/wp-json\/wp\/v2\/media?parent=3377"}],"wp:term":[{"taxonomy":"product_brand","embeddable":true,"href":"https:\/\/prentkunst.net\/index.php\/wp-json\/wp\/v2\/product_brand?post=3377"},{"taxonomy":"product_cat","embeddable":true,"href":"https:\/\/prentkunst.net\/index.php\/wp-json\/wp\/v2\/product_cat?post=3377"},{"taxonomy":"product_tag","embeddable":true,"href":"https:\/\/prentkunst.net\/index.php\/wp-json\/wp\/v2\/product_tag?post=3377"}],"curies":[{"name":"wp","href":"https:\/\/api.w.org\/{rel}","templated":true}]}}