{"id":1607,"date":"2020-07-28T15:00:59","date_gmt":"2020-07-28T14:00:59","guid":{"rendered":"https:\/\/prentkunst.net\/index.php\/product\/schwann-kleb-an-en-die-wunderbare-barenjagd-erster-bogen-in-de-serie-munchener-bilderbogen-552-en-291\/"},"modified":"2020-07-28T15:00:59","modified_gmt":"2020-07-28T14:00:59","slug":"schwann-kleb-an-en-die-wunderbare-barenjagd-erster-bogen-in-de-serie-munchener-bilderbogen-552-en-291","status":"publish","type":"product","link":"https:\/\/prentkunst.net\/index.php\/product\/schwann-kleb-an-en-die-wunderbare-barenjagd-erster-bogen-in-de-serie-munchener-bilderbogen-552-en-291\/","title":{"rendered":"Schwann, kleb&#8217; an en Die wunderbare B\u00e4renjagd. (Erster Bogen) in de serie M\u00fcnchener Bilderbogen (552 en 291)"},"content":{"rendered":"<p>Schwann, kleb&#8217; an en Die wunderbare B\u00e4renjagd. (Erster Bogen) in de serie M\u00fcnchener Bilderbogen (552 en 291)<br \/>\nTekenaar Schwann, kleb&#8217; an: Eduard Ille (1823 -1900)<br \/>\nSerie uitgegeven door Braun &amp; Schneider in M\u00fcnchen van 1848 tot 1898 en van 1900 tot 1905<br \/>\nNederlandse titels: &#8216;Zwaan, kleef aan&#8217; en &#8216;De wonderbare berenjacht&#8217;<br \/>\nAfbeeldingen: handgekleurde houtsnedes<\/p>\n<p>Voorzijde:<br \/>\nBovenrand: Schwan, kleb&#8217; an. 552<br \/>\nRechtonder in derde afbeelding: E. Ille 1871 (E[duard] Ille 1871)<br \/>\nOnderrand:<br \/>\nM\u00fcnchener Bilderbogen. Nro. 552, Herausgegeben und verlegt von Braun &amp; Schneider in M\u00fcnchen<br \/>\n4. Auflage Kgl.Hof- und Universit\u00e4ts-Buchdruckerei van Dr. C. Wolf &amp; Sohn in M\u00fcnchen.<br \/>\nAchterzijde:<br \/>\nBovenrand: Die wunderbare B\u00e4renjagd. 291<br \/>\nErster Bogen.<br \/>\nOnderrand:<br \/>\nM\u00fcnchener Bilderbogen. Nro. 291, Herausgegeben und verlegt von Braun &amp; Schneider in M\u00fcnchen<br \/>\n18. Auflage Kgl.Hof- und Universit\u00e4ts-Buchdruckerei van Dr. C. Wolf &amp; Sohn in M\u00fcnchen.<br \/>\n(Alle Rechte vorbehalten.)<\/p>\n<p>Bovenrand, in de hoek, smalle vlek.<\/p>\n<p>Afmetingen (breedte x hoogte in cm):<br \/>\nBlad: 33,7 x 42<\/p>\n","protected":false},"excerpt":{"rendered":"<p>Schwann, kleb&#8217; an en Die wunderbare B\u00e4renjagd. (Erster Bogen) in de serie M\u00fcnchener Bilderbogen (552 en 291)<br \/>\nSerie uitgegeven door Braun &amp; Schneider in M\u00fcnchen van 1848 tot 1898 en van 1900 tot 1905<\/p>\n","protected":false},"featured_media":1707,"template":"","meta":{"neve_meta_sidebar":"","neve_meta_container":"","neve_meta_enable_content_width":"off","neve_meta_content_width":0,"neve_meta_title_alignment":"","neve_meta_author_avatar":"","neve_post_elements_order":"","neve_meta_disable_header":"","neve_meta_disable_footer":"","neve_meta_disable_title":"","_themeisle_gutenberg_block_has_review":false},"product_brand":[],"product_cat":[45],"product_tag":[],"class_list":{"0":"post-1607","1":"product","2":"type-product","3":"status-publish","4":"has-post-thumbnail","6":"product_cat-diversen","8":"first","9":"instock","10":"shipping-taxable","11":"purchasable","12":"product-type-simple"},"jetpack_sharing_enabled":true,"_links":{"self":[{"href":"https:\/\/prentkunst.net\/index.php\/wp-json\/wp\/v2\/product\/1607","targetHints":{"allow":["GET"]}}],"collection":[{"href":"https:\/\/prentkunst.net\/index.php\/wp-json\/wp\/v2\/product"}],"about":[{"href":"https:\/\/prentkunst.net\/index.php\/wp-json\/wp\/v2\/types\/product"}],"wp:featuredmedia":[{"embeddable":true,"href":"https:\/\/prentkunst.net\/index.php\/wp-json\/wp\/v2\/media\/1707"}],"wp:attachment":[{"href":"https:\/\/prentkunst.net\/index.php\/wp-json\/wp\/v2\/media?parent=1607"}],"wp:term":[{"taxonomy":"product_brand","embeddable":true,"href":"https:\/\/prentkunst.net\/index.php\/wp-json\/wp\/v2\/product_brand?post=1607"},{"taxonomy":"product_cat","embeddable":true,"href":"https:\/\/prentkunst.net\/index.php\/wp-json\/wp\/v2\/product_cat?post=1607"},{"taxonomy":"product_tag","embeddable":true,"href":"https:\/\/prentkunst.net\/index.php\/wp-json\/wp\/v2\/product_tag?post=1607"}],"curies":[{"name":"wp","href":"https:\/\/api.w.org\/{rel}","templated":true}]}}

Schwann, kleb&#8217; an en Die wunderbare Bärenjagd. (Erster Bogen) in de serie Münchener Bilderbogen (552 en 291)

<p>Schwann, kleb&#8217; an en Die wunderbare Bärenjagd. (Erster Bogen) in de serie Münchener Bilderbogen (552 en 291)<br />
Tekenaar Schwann, kleb&#8217; an: Eduard Ille (1823 -1900)<br />
Serie uitgegeven door Braun &amp; Schneider in München van 1848 tot 1898 en van 1900 tot 1905<br />
Nederlandse titels: &#8216;Zwaan, kleef aan&#8217; en &#8216;De wonderbare berenjacht&#8217;<br />
Afbeeldingen: handgekleurde houtsnedes</p>
<p>Voorzijde:<br />
Bovenrand: Schwan, kleb&#8217; an. 552<br />
Rechtonder in derde afbeelding: E. Ille 1871 (E[duard] Ille 1871)<br />
Onderrand:<br />
Münchener Bilderbogen. Nro. 552, Herausgegeben und verlegt von Braun &amp; Schneider in München<br />
4. Auflage Kgl.Hof- und Universitäts-Buchdruckerei van Dr. C. Wolf &amp; Sohn in München.<br />
Achterzijde:<br />
Bovenrand: Die wunderbare Bärenjagd. 291<br />
Erster Bogen.<br />
Onderrand:<br />
Münchener Bilderbogen. Nro. 291, Herausgegeben und verlegt von Braun &amp; Schneider in München<br />
18. Auflage Kgl.Hof- und Universitäts-Buchdruckerei van Dr. C. Wolf &amp; Sohn in München.<br />
(Alle Rechte vorbehalten.)</p>
<p>Bovenrand, in de hoek, smalle vlek.</p>
<p>Afmetingen (breedte x hoogte in cm):<br />
Blad: 33,7 x 42</p>

<p>Schwann, kleb&#8217; an en Die wunderbare Bärenjagd. (Erster Bogen) in de serie Münchener Bilderbogen (552 en 291)<br />
Serie uitgegeven door Braun &amp; Schneider in München van 1848 tot 1898 en van 1900 tot 1905</p>
