{"id":127,"date":"2019-02-13T14:25:43","date_gmt":"2019-02-13T13:25:43","guid":{"rendered":"https:\/\/prentkunst.net\/?post_type=product&#038;p=127"},"modified":"2019-02-16T11:52:59","modified_gmt":"2019-02-16T10:52:59","slug":"gouda-uit-sciographia-cosmica-van-daniel-meisner","status":"publish","type":"product","link":"https:\/\/prentkunst.net\/index.php\/product\/gouda-uit-sciographia-cosmica-van-daniel-meisner\/","title":{"rendered":"Gouda uit &#8216;Sciographia Cosmica&#8217; van Daniel Meisner"},"content":{"rendered":"<p>Afbeelding van Gouda uit &#8216;Sciographia Cosmica&#8217; van Daniel Meisner<\/p>\n<p>De prent is oorspronkelijk uit de &#8216;Thesaurus philopoliticus&#8217;, oftewel in het Duits het&#8217;Politisches Schatzk\u00e4stlein&#8217;. Dit werk met 830 gegraveerde prenten werd tussen 1623 en 1632 in Frankfurt am Main uitgegeven door Daniel Meisner en Eberhard Kieser.<br \/>\nEen goede 80 prenten hierin betreft Nederlandse en Belgische steden.<\/p>\n<p>Na de dood van Kieser verkreeg de uitgever Paul F\u00fcrst uit Neurenberg de drukplaten en gaf deze in 1637-1638 opnieuw uit, met als titel &#8216;Sciographia Cosmica&#8217;.<br \/>\nDe aangeboden prent is uit deze uitgave.<\/p>\n<p>Midden boven afbeelding: Viva virtus est funeris expers<br \/>\nRechts boven afbeelding: E44 (pagina nummering in &#8216;Sciographia Cosmica&#8217; )<br \/>\nBoven in afbeelding: Gouda in Holland<br \/>\nOp bordje in afbeelding: Sic Visum Superis<br \/>\nOnder afbeelding:<br \/>\nViva mori nescit Virt\u00fas, ext f\u00faneris expers, Assequit\u00far Virt\u00fas omnia, firma manet.<br \/>\nDie lebhafft Tugend kan nicht sterbn, \/ Noch irgend in dem Drab verderbn.<br \/>\nDie T\u00fagend erlangt alle Ehr, \/ Bleibt fest \u00fand vergeht nimmer mehr.<\/p>\n<p>Handgekleurd, in passepartout<\/p>\n<p>Afmetingen (breedte x hoogte in cm):<br \/>\nBedrukte deel: 14,3 x 9,4<br \/>\nBlad: 18 x 13,6<\/p>\n","protected":false},"excerpt":{"rendered":"<p>Afbeelding van Gouda uit &#8216;Sciographia Cosmica&#8217; van Daniel Meisner<\/p>\n<p>Uitgeven door uitgever Paul F\u00fcrst uit Neurenberg in 1637-1638.<\/p>\n","protected":false},"featured_media":199,"template":"","meta":{"neve_meta_sidebar":"","neve_meta_container":"","neve_meta_enable_content_width":"","neve_meta_content_width":70,"neve_meta_title_alignment":"","neve_meta_author_avatar":"","neve_post_elements_order":"","neve_meta_disable_header":"","neve_meta_disable_footer":"","neve_meta_disable_title":"","_themeisle_gutenberg_block_has_review":false},"product_brand":[],"product_cat":[18,36],"product_tag":[39,37,38],"class_list":{"0":"post-127","1":"product","2":"type-product","3":"status-publish","4":"has-post-thumbnail","6":"product_cat-nederland","7":"product_cat-zuid-holland","8":"product_tag-meriam","9":"product_tag-nederland","10":"product_tag-zuid-holland","12":"first","13":"instock","14":"shipping-taxable","15":"purchasable","16":"product-type-simple"},"jetpack_sharing_enabled":true,"_links":{"self":[{"href":"https:\/\/prentkunst.net\/index.php\/wp-json\/wp\/v2\/product\/127","targetHints":{"allow":["GET"]}}],"collection":[{"href":"https:\/\/prentkunst.net\/index.php\/wp-json\/wp\/v2\/product"}],"about":[{"href":"https:\/\/prentkunst.net\/index.php\/wp-json\/wp\/v2\/types\/product"}],"wp:featuredmedia":[{"embeddable":true,"href":"https:\/\/prentkunst.net\/index.php\/wp-json\/wp\/v2\/media\/199"}],"wp:attachment":[{"href":"https:\/\/prentkunst.net\/index.php\/wp-json\/wp\/v2\/media?parent=127"}],"wp:term":[{"taxonomy":"product_brand","embeddable":true,"href":"https:\/\/prentkunst.net\/index.php\/wp-json\/wp\/v2\/product_brand?post=127"},{"taxonomy":"product_cat","embeddable":true,"href":"https:\/\/prentkunst.net\/index.php\/wp-json\/wp\/v2\/product_cat?post=127"},{"taxonomy":"product_tag","embeddable":true,"href":"https:\/\/prentkunst.net\/index.php\/wp-json\/wp\/v2\/product_tag?post=127"}],"curies":[{"name":"wp","href":"https:\/\/api.w.org\/{rel}","templated":true}]}}